*w**4 - w + 1/6*w**3. Let f(m) be the first derivative of l(m). Calculate f(3).
2
Let i(h) = h**2 + 9*h + 5. Let n be i(-9). Let j be 36/3 - (-3 + n). Suppose 6*u = -46 + j. Let g(w) = -w - 10. Give g(u).
-4
Let s be 8/(-28)*(1 + -15). Suppose s = 6*f - 8. Let t(w) = 7*w + 4. Let p(i) = 3*i + 2. Let c(z) = f*t(z) - 5*p(z). Give c(4).
-6
Let i(j) = -2*j + 4. Let a(g) = -3*g**2 + 16*g + 5. Let y be a(5). What is i(y)?
-16
Suppose 48 - 52 = -4*i. Let b(y) = -i - 6*y**2 - y**3 - 5*y**2 + 8*y**2. Give b(-3).
-1
Let p(a) be the first derivative of -a**2 + 5*a - 7. Suppose 0*g = 4*g - 24. Suppose v - g*v = -30. What is p(v)?
-7
Let f = 153 - 160. Let a(p) be the first derivative of -p**3/3 - 5*p**2 - 9*p + 4. Calculate a(f).
12
Let f(z) = z. Let k be (3/2 + -2)*2*-1. Let r(m) = m**3 + 8*m**2 + 11*m + 8. Let v(d) = k*r(d) - 4*f(d). Give v(-7).
8
Let q(t) = -t**2 + 112*t - 115. Let d be q(111). Let u(z) be the third derivative of z**6/120 + z**5/12 + z**4/4 + 2*z**3/3 - 2*z**2. Give u(d).
-4
Let b(x) = 2*x - 23 + 4*x - 3*x + 2*x. Let z(q) = -11*q + 47. Let s(i) = -9*b(i) - 4*z(i). Let h be s(16). Let o(d) = d**2 - 2*d - 4. Calculate o(h).
-1
Let o(p) = -p**2 + p. Let w be 234/(-156) + 1/2. Give o(w).
-2
Let a = -10 + 6. Let i(v) = -v**2 - 2*v + 2. Let w(b) = b**2 + 2*b - 3. Let u be 9/(-27) - 1/(-3) - 3. Let f(n) = u*w(n) - 2*i(n). Give f(a).
-3
Let m(u) = -u**3 + 3*u**2 + 8*u - 15. Let f(w) = -12*w - 56. Let r be f(-5). What is m(r)?
1
Let a be (-8)/(160/105) - 2/(-8). Let j(g) = -5*g**3 - 11*g - 8. Let t(b) = 6*b**3 - b**2 + 12*b + 9. Let f(i) = a*j(i) - 4*t(i). Determine f(-4).
-24
Let h(f) = 2*f**2 + 12*f - 3. Let w(l) = l**2 + 5*l - 30. Let k be w(-8). Calculate h(k).
-3
Let q be -2 + 4 - (7 - 5). Let d(l) = q - 87*l + 9 + 89*l. Suppose -27 = -5*u - 12, -9 = 4*p + 5*u. What is d(p)?
-3
Let i(l) = -l**2 - 28*l - 47. Let q be i(-26). Suppose 0 = -2*d + 4 + 4, -4*w - 3*d = -20. Let a(y) = -2*y**2 - y**3 + q*y + y**w + 3 - 6*y + 6. Determine a(0).
9
Let b(j) = -j**2 - 118*j + 493. Let a be b(4). Let l(g) = -6*g + 34. Calculate l(a).
4
Let h(m) be the second derivative of -7*m**3/6 + 6*m**2 - 38*m + 3. What is h(3)?
-9
Let x(v) = v**3 - 33*v**2 - 69*v - 29. Let z be x(35). Let p(n) = -n**3 + 5*n**2 + 7*n + 3. Determine p(z).
9
Let u(f) = 11*f**3 + 53*f**2 - 25*f + 19. Let q(a) = -4*a**3 - 19*a**2 + 10*a - 7. Let z(d) = -8*q(d) - 3*u(d). Suppose 4*n = -2 - 22. What is z(n)?
-7
Let x(q) = q**2 + 5*q + 7. Let m = 29 + 3. Let g = m + -32. Suppose -14 = f - 4*l - 5, f + 3*l + 2 = g. Determine x(f).
7
Suppose -5*u + 11 = -2*a, -5*a + 3*u = 4*u - 13. Let g(x) = a*x - 3*x - x + 1. Determine g(1).
-1
Let n(b) = -b**2 - 3*b + 1. Let j(l) = 3*l**2 - 10. Let x(m) = j(m) + 2*n(m). Let p = 13 + -6. Give x(p).
-1
Let p(m) = -m**3 - 7*m**2 - 4*m + 8. Suppose 5*n - 32 = -3*c + 5*c, 0 = 4*c + 4. Let u(b) = -b. Let r be u(n). What is p(r)?
-4
Let c be (-20)/(-3)*(3 - 45/10). Let r be (c/(-6))/(-2*(-3)/(-18)). Let h(q) = q**3 + 4*q**2 - 7*q - 1. Determine h(r).
9
Suppose -4*y - 1 - 1 = 3*k, 4 = k - y. Suppose i - 2 = -i. Let b be (21/14)/(i/k). Let u(p) = -p**2 + 2*p + 2. What is u(b)?
-1
Suppose 6 = -4*n - 14. Let y(t) be the first derivative of t**2/2 + t - 25. Give y(n).
-4
Let c(r) = 7*r + 8. Suppose -5*f = 5*q + 10, 2*f + 5*q - q + 4 = 0. Give c(f).
-6
Suppose 0*q - 5*q - 34 = -3*a, 0 = 5*a - 5*q - 40. Let f(h) = -84*h**2 + 4*h**3 + 2*h + 89*h**2 - 5*h**a - 4 - 4*h. What is f(4)?
4
Let r(b) = b**2 + 32*b + 95. Let h be r(-29). Let g(l) = l**3 - 9*l**2 + 6*l + 14. Determine g(h).
-2
Suppose -20 = 4*a, -3*k + 1 = 2*a + 11. Let u(v) = 2*v**2 - v - 3. Determine u(k).
-3
Let x(z) = 3*z - 3. Let b = -60 + 91. Suppose 0 = 4*j + b + 13. Let y = 13 + j. What is x(y)?
3
Suppose 3*l - 4 - 14 = 2*o, -3*o - 25 = -4*l. Suppose -3*x = -0*x - 15. Let f(r) = r**3 + 0 - x + 5*r - 5*r**2 + r. Calculate f(l).
3
Suppose -5*k + n + 3*n = -26, 4*n = -4*k + 28. Let j(h) = -h - 2 - h**2 - 5 - k*h. What is j(-7)?
-7
Let b(k) = -k**3 + 30*k**2 + 57*k + 234. Let q be b(32). Let g(y) = -y**2 + 14*y - 40. Give g(q).
0
Let s(r) = r**2 + 3*r - 3. Suppose 28*i + 192 = 36*i. Let t be (6/18)/((-2)/i). Calculate s(t).
1
Let z(l) = -29*l - 20. Let y(b) = 10*b + 7. Let w(x) = -8*y(x) - 3*z(x). Let d(g) = -4*g + 4*g + 2 + 4*g - g. Let i(t) = -5*d(t) + 2*w(t). Determine i(0).
-2
Let s(p) be the first derivative of 0*p**3 - 2 - 1/2*p**2 + 13*p - 11/12*p**4. Let a(l) be the first derivative of s(l). Give a(1).
-12
Let p(a) = a**3 - a - 5. Let k(x) = -31*x + 124. Let j be k(4). Calculate p(j).
-5
Let h(l) = -l + l**2 + 5*l + 2 + l. Suppose -4*t - o + 21 = 0, 4*t + 2*o = 8 + 10. Suppose -1 = -n - t. Calculate h(n).
2
Let j(f) = 9*f - 12 + 54 + 3*f - 17 - 11. Calculate j(-4).
-34
Let d(r) be the third derivative of r**5/60 - 5*r**4/12 - 7*r**3/6 - 6*r**2. Determine d(10).
-7
Let r(y) = 9*y**2 - 15*y - 7. Let c(x) = -19*x**2 + 33*x + 15. Let j(u) = -4*c(u) - 9*r(u). Give j(-1).
-5
Let q(m) = 2 - 5*m**3 - 1 - 12*m**3. Let j(y) = y**2 - 15*y + 45. Let p be j(11). Calculate q(p).
-16
Suppose -3*p + 50 = 2*p. Suppose 4*x - 21 = 5*f, x + p = -f + 4. Let v(l) = 16. Let i(q) = -q - 24. Let a(u) = -2*i(u) - 3*v(u). Give a(x).
-2
Let d(b) = 2*b**2 - 4*b - 5. Let u be -11 - -10 - (-4 + 0). Let k = -1 - u. Let o be ((-6)/k)/((-9)/(-24)). Determine d(o).
11
Let l be 32/(-6) + (-155)/93. Let r(v) = v**3 + 8*v**2 + 6*v + 1. Calculate r(l).
8
Let p be (-2)/15 - (-1760)/(-300). Let h(m) = 3*m**2 + 18*m + 5. Let x be h(p). Let z(l) = l**2 - 3*l - 3. Give z(x).
7
Let x(o) = -o + 6. Suppose 0 = 2*d - 0*a + 5*a, 3*d - 3*a + 21 = 0. Let b(k) = 6. Let f(w) = d*x(w) + 6*b(w). Give f(-4).
-14
Let i(r) = -2*r**2 + 14*r - 4. Let z be i(7). Let q(x) = 11*x - 1. Let b(o) = -7*o + 1. Let v(y) = 8*b(y) + 5*q(y). Determine v(z).
7
Suppose -4*y + 20 = -0*y - 4*h, 4*h + 12 = 0. Let q(a) = 3*a + 0 - 1 - y - 2. Let x be 3/6 - (-7)/2. What is q(x)?
7
Let i(n) = 2*n + 2. Let b(j) = -j**3 - 24*j**2 + 24*j - 27. Let k be (2*-50*(-3)/12)/(-1). Let y be b(k). What is i(y)?
-2
Let u(h) = -h**2 + 8*h - 9. Let c be u(6). Let x(o) be the second derivative of o**5/10 - o**4/4 - 2*o**3/3 + o**2 + 88*o. Give x(c).
17
Let w(h) = -20*h**2. Let o(r) = -5*r**2. Let n(m) = 25*o(m) - 6*w(m). Let f be n(1). Let l(i) = 2*i + 1. Determine l(f).
-9
Let u(i) = 3*i**2 + 14*i + 3. Let s be u(-9). Let t = s + -117. Let x(f) = 2*f**2 + f + 1. Calculate x(t).
22
Let a(h) = h**2 - 13*h + 15. Let w be (-1488)/(-120) - (8/(-5) + 1). What is a(w)?
15
Let k(r) = 5*r**3 - 13*r**2 + 1. Let q(f) = f**3 - f**2 - 1. Let h(i) = k(i) - 6*q(i). What is h(-7)?
7
Let c be (-2 - (-3 - -4)) + 2. Let s(u) = -8*u**2 + 5 - 3 - 3 + 0. Determine s(c).
-9
Let r(q) = -q**3 - 9*q**2 - 5*q + 4. Let j(b) = -30 + 8*b**2 + 4*b + 11 + 15 + b**3. Let y(g) = -4*j(g) - 3*r(g). Give y(-3).
-11
Let a(d) = -13*d - 66. Let h be a(-6). Let z(v) = -3*v + 8. What is z(h)?
-28
Let z = 7 + -14. Let l(v) = v**3 + 8*v**2 + 6*v - 3. Give l(z).
4
Suppose 8*f = 5*f + c + 16, -5*f = -5*c - 10. Suppose -4*w = -9*w + 20. Let h(g) = 4 - 2*g**2 + 7*g + w*g**2 + 2*g**2 - 5*g**2. Calculate h(f).
4
Let s(x) = -11*x - 5 + 7*x + 4 - 2*x. What is s(-1)?
5
Let a(w) = 2*w + 11. Let p(u) = -u - 1. Let t(d) = a(d) - 3*p(d). Determine t(-3).
-1
Let t(j) = 2*j**2 - 2*j - 1. Suppose 0*p = -p + 6. Suppose 2*g + g = p. Calculate t(g).
3
Let p(q) = q**3 - 5*q**2 - 2. Let d = 0 - 4. Let c be 13/d + (-3)/4. Let m be 6/3 + 7 + c. Calculate p(m).
-2
Let a(q) be the first derivative of 1 - 5/2*q**2 + 1/3*q**3 - 2*q. Suppose -25*h = -26*h + 4. Determine a(h).
-6
Let y(o) be the third derivative of -1/3*o**3 + 1/60*o**5 + 0*o + 0 - 1/8*o**4 + 6*o**2. Give y(2).
-4
Let w = 1 + 4. Suppose -8 = -3*t + 34. Let z(n) = n - 35 + 19 + t. What is z(w)?
3
Let y(i) be the second derivative of 2*i**4/3 + i**3/3 + i**2/2 - 391*i. Suppose 0 = -b - b. Suppose b = -5*s + 3*l - 2*l - 5, -3*s - 3 = -4*l. What is y(s)?
7
Suppose r + 2*r - 105 = -2*h, 0 = h. Let n = 71 - r. Suppose 3*l + n = -3*l. Let c(a) = -a**2 - 7*a + 4. Give c(l).
10
Suppose 24 = n - 5*p, 0 = 3*n - 0*n + 4*p + 4. Let c(v) = v**2 - 5*v + 3. Determine c(n).
-1
Suppose 2*j = j + 4*j. Suppose 0 = 5*w - l - 26, 4*w - 28 = -l - j*l. Let t(n) = -n**3 + 5*n**2 + 8*n - 6. Give t(w).
6
Let a(j) = -j +